a multiple of 31?
True
Is 19752 a multiple of 59?
False
Is 791 a multiple of 23?
False
Is 29 a factor of 4265?
False
Is 78 a factor of 4134?
True
Is 73 a factor of 4672?
True
Does 30 divide 3420?
True
Is 17 a factor of 4284?
True
Is 52 a factor of 516?
False
Is 39 a factor of 1638?
True
Is 8130 a multiple of 41?
False
Is 13 a factor of 765?
False
Is 34 a factor of 9019?
False
Is 152 a factor of 23755?
False
Does 47 divide 728?
False
Is 39 a multiple of 2?
False
Is 9 a factor of 238?
False
Is 21 a factor of 1829?
False
Is 15 a factor of 435?
True
Is 517 a multiple of 11?
True
Is 1982 even?
True
Is 13 a factor of 1051?
False
Does 36 divide 3924?
True
Is 7092 a multiple of 5?
False
Does 49 divide 32732?
True
Is 32 a factor of 1224?
False
Is 24 a factor of 5208?
True
Does 11 divide 2673?
True
Is 57 a factor of 11856?
True
Is 6 a factor of 38784?
True
Does 31 divide 530?
False
Does 21 divide 10453?
False
Does 61 divide 1673?
False
Is 8 a factor of 568?
True
Is 90 a factor of 1025?
False
Is 19747 a multiple of 15?
False
Does 228 divide 28956?
True
Is 23 a factor of 2484?
True
Is 84 a factor of 2223?
False
Does 16 divide 301?
False
Is 14 a factor of 7546?
True
Is 4 a factor of 575?
False
Does 4 divide 1559?
False
Is 116 a factor of 2784?
True
Is 7 a factor of 161?
True
Is 33768 a multiple of 53?
False
Does 125 divide 1037?
False
Is 10 a factor of 670?
True
Is 7 a factor of 567?
True
Is 21 a factor of 168?
True
Is 73 a factor of 63115?
False
Is 156 a multiple of 3?
True
Does 4 divide 1578?
False
Is 448 a multiple of 7?
True
Is 11302 a multiple of 28?
False
Is 10 a factor of 480?
True
Is 19653 a multiple of 17?
False
Is 16 a factor of 4448?
True
Is 23 a factor of 414?
True
Does 3 divide 27122?
False
Does 124 divide 6820?
True
Does 61 divide 1830?
True
Does 126 divide 15498?
True
Does 131 divide 1048?
True
Is 28 a factor of 1361?
False
Does 9 divide 1836?
True
Is 170 a factor of 64260?
True
Is 1860 a multiple of 93?
True
Is 5 a factor of 265?
True
Does 56 divide 90160?
True
Does 29 divide 986?
True
Does 78 divide 40716?
True
Is 37999 a multiple of 37?
True
Is 38958 a multiple of 453?
True
Does 5 divide 1060?
True
Is 2144 a multiple of 15?
False
Does 7 divide 145?
False
Does 48 divide 12298?
False
Is 59995 a multiple of 13?
True
Is 1180 a multiple of 59?
True
Is 839 a multiple of 43?
False
Is 18 a factor of 1062?
True
Is 9 a factor of 9277?
False
Does 72 divide 216?
True
Does 26 divide 2569?
False
Is 38 a factor of 18658?
True
Does 8 divide 152?
True
Does 5 divide 165?
True
Does 12 divide 498?
False
Is 45 a factor of 45?
True
Does 38 divide 501?
False
Is 10 a factor of 106?
False
Is 89 a factor of 801?
True
Does 44 divide 352?
True
Is 357 a multiple of 4?
False
Is 16 a factor of 19392?
True
Is 1312 a multiple of 14?
False
Is 16 a factor of 7930?
False
Does 3 divide 1380?
True
Is 26 a factor of 9894?
False
Does 16 divide 512?
True
Is 12 a factor of 336?
True
Is 13 a factor of 3934?
False
Is 236 a multiple of 26?
False
Does 16 divide 192?
True
Does 22 divide 23012?
True
Does 45 divide 1942?
False
Is 15 a factor of 900?
True
Is 33 a factor of 241?
False
Is 5 a factor of 356?
False
Does 20 divide 10300?
True
Is 31659 a multiple of 16?
False
Does 79 divide 430?
False
Is 8 a factor of 27?
False
Does 14 divide 420?
True
Does 5 divide 240?
True
Does 11 divide 165?
True
Is 377 a multiple of 38?
False
Is 20810 a multiple of 168?
False
Does 30 divide 210?
True
Is 4199 a multiple of 68?
False
Is 8094 a multiple of 57?
True
Does 104 divide 5091?
False
Does 16 divide 16512?
True
Is 14 a factor of 2076?
False
Is 12133 a multiple of 28?
False
Is 46 a factor of 5355?
False
Is 76 a factor of 44406?
False
Does 9 divide 2816?
False
Does 2 divide 34?
True
Does 13 divide 663?
True
Does 17 divide 25143?
True
Does 8 divide 3203?
False
Does 52 divide 23452?
True
Is 139 a multiple of 15?
False
Is 581 a multiple of 4?
False
Is 165 a multiple of 13?
False
Does 86 divide 5848?
True
Is 52 a factor of 9912?
False
Is 5 a factor of 36031?
False
Does 20 divide 3600?
True
Does 15 divide 23220?
True
Is 13 a factor of 7670?
True
Is 30 a factor of 4650?
True
Is 6 a factor of 44526?
True
Is 100 a factor of 3300?
True
Is 303 a factor of 40299?
True
Does 257 divide 4883?
True
Is 14471 a multiple of 17?
False
Is 18 a factor of 179?
False
Does 14 divide 4018?
True
Is 107 a factor of 84527?
False
Does 2 divide 450?
True
Is 6429 a multiple of 38?
False
Does 26 divide 130?
True
Is 4082 a multiple of 11?
False
Is 7 a factor of 94?
False
Is 416 a multiple of 28?
False
Does 94 divide 8283?
False
Is 5 a factor of 1318?
False
Is 105 a multiple of 3?
True
Is 5070 a multiple of 6?
True
Is 11372 a multiple of 11?
False
Does 8 divide 342?
False
Is 19404 a multiple of 25?
False
Is 7 a factor of 187?
False
Is 18 a factor of 468?
True
Is 24291 a multiple of 106?
False
Is 522 a multiple of 16?
False
Is 625 a multiple of 5?
True
Does 55 divide 1045?
True
Does 42 divide 16911?
False
Does 34 divide 48311?
False
Is 41 a factor of 353?
False
Is 6 a factor of 49?
False
Does 28 divide 8934?
False
Is 12382 a multiple of 92?
False
Is 16 a factor of 1686?
False
Is 672 a multiple of 14?
True
Is 84 a factor of 1596?
True
Is 2 a factor of 25?
False
Does 13 divide 6916?
True
Is 6 a factor of 1260?
True
Is 447 a multiple of 3?
True
Is 60 a factor of 1260?
True
Is 3 a factor of 383?
False
Is 26 a factor of 168?
False
Is 8891 a multiple of 21?
False
Does 8 divide 416?
True
Is 4 a factor of 4220?
True
Does 31 divide 2635?
True
Is 10158 a multiple of 126?
False
Is 18 a factor of 2088?
True
Is 8 a factor of 1725?
False
Is 14 a factor of 15876?
True
Is 53 a factor of 1060?
True
Does 56 divide 13272?
True
Is 31 a multiple of 31?
True
Is 23 a factor of 9590?
False
Is 68 a factor of 8500?
True
Does 14 divide 61?
False
Does 19 divide 2451?
True
Does 59 divide 11206?
False
Does 42 divide 42?
True
Is 143 a factor of 4599?
False
Does 7 divide 4841?
False
Is 1763 a multiple of 20?
False
Is 11 a factor of 148?
False
Does 141 divide 15040?
False
Is 6 a factor of 2085?
False
Is 4472 a multiple of 52?
True
Does 8 divide 1104?
True
Is 72 a factor of 1128?
False
Is 1624 a multiple of 4?
True
Is 37 a factor of 24388?
False
Is 11 a factor of 2748?
False
Is 68 a factor of 2033?
False
Is 393 a multiple of 35?
False
Does 16 divide 400?
True
Does 6 divide 1002?
True
Is 5 a factor of 1655?
True
Is 93 a multiple of 3?
True
Does 8 divide 1648?
True
Is 594 a multiple of 3?
True
Does 81 divide 17502?
False
Is 49 a factor of 70021?
True
Is 626 a multiple of 27?
False
Is 66 a multiple of 3?
True
Does 6 divide 5622?
True
Does 7 divide 21?
True
Is 213 a multiple of 4?
False
Is 89 a factor of 3738?
True
Is 147 a multiple of 4?
False
Does 154 divide 6162?
False
Does 131 divide 5550?
False
Is 33 a factor of 55968?
True
Is 891 a multiple of 11?
True
Is 11 a factor of 3347?
False
Is 5493 a multiple of 219?
False
Does 28 divide 1899?
False
Does 8 divide 352?
True
Does 11 divide 1829?
False
Is 213 a factor of 64326?
True
Is 4699 a multiple of 51?
False
Does 22 divide 762?
False
Does 27 divide 8747?
False
Is 2858 a multiple of 107?
False
Is 271 a multiple of 42?
False
Is 6733 a multiple of 167?
False
Does 99 divide 141174?
True
Is 197 a factor of 9226?
False
Is 696 a multiple of 6?
True
Is 558 a multiple of 62?
True
Is 44 a factor of 774?
False
Is 32 a factor of 480?
True
Is 957 a multiple of 8?
False
Does 23 divide 4922?
True
Is 7 a factor of 700?
True
Is 2118 a multiple of 8?
False
Is 34 even?
True
Is 5 a factor of 5538?
False
Is 8792 a multiple of 132?
False
Is 17 a factor of 38148?
True
Is 154 a factor of 9548?
True
Is 19 a factor of 342?
True
Is 18 a factor of 10701?
False
Is 17 a factor of 4573?
True
Is 20 a factor of 320?
True
Is 65 a multiple of 65?
True
Is 125 a factor of 77205?
False
Is 35416 a multiple of 163?
False
Is 6744 a multiple of 4?
True
Is 135 a factor of 1897?
False
Does 8 divide 24?
True
Does 40 divide 120?
True
Does 7 divide 69?
False
Does 3 divide 114?
True
Is 45 a factor of 2269?
False
Is 30113 a multiple of 17?
False
Is 119 a multiple of 7?
True
Is 200 a multiple of 20?
True
Is 12559 a multiple of 5?
False
Does 18 divide 1746?
True
Does 11 divide 19129?
True
Is 23866 a multiple of 148?
False
Does 26 divide 20911?
False
Is 2322 a multiple 